{"id":17628,"date":"2020-06-17T20:29:58","date_gmt":"2020-06-17T20:29:58","guid":{"rendered":"https:\/\/wefreelancer.in\/love\/thechairgy\/?post_type=product&#038;p=17628"},"modified":"2023-10-29T08:17:01","modified_gmt":"2023-10-29T08:17:01","slug":"essense-of-australia-d2819","status":"publish","type":"product","link":"https:\/\/wefreelancer.in\/love\/thechairgy\/shop\/shop\/stile\/fit-and-flare\/essense-of-australia-d2819\/","title":{"rendered":"Essense of Australia D2819"},"content":{"rendered":"<div>\n<h2>Trau dich &#8211; mit dem Hochzeitskleid in Spitze<\/h2>\n<p><span>Das Modell f\u00fcr einen unvergleichlichen Auftritt &#8211; mit dem Hochzeitskleid Essense of Australia D2819 hinterl\u00e4sst du einen bleibenden Eindruck.<\/span><\/p>\n<p>Besonders sinnlich wirkt das Kleid durch den \u00e4rmelfreien Schnitt, sodass du dich bequem und offen bewegen kannst.<\/p>\n<p>Der Tattoo-Effekt im R\u00fcckenausschnitt fesselt alle um dich herum. <\/p>\n<p>Aufreizend und bezaubernd: das Modell Essense of Australia D2819 der Kollektion Essence of Australia zieht alle Blick auf dich. <\/p>\n<\/p>\n<p>Mit dieser langen Schleppe wird dein Gang zum Altar DAS Highlight eures unvergesslichen Tages. <\/p>\n<p>Der grazil flie\u00dfende T\u00fcll-Rock sowie die feinen Blumen aus Spitze machen dieses Brautkleid zu einem unvergesslichen Blickfang.<\/p>\n<p><span>Die dargestellen Preisangaben stellen unverbindliche Preisspannen dar. Endg\u00fcltige Endpreise geben wir aus Wettbewerbsgr\u00fcnden nur vor Ort im Gesch\u00e4ft an. F\u00fcr den bestm\u00f6glichen Service weisen wir darauf hin, dass die Artikel nicht online gekauft werden k\u00f6nnen, sondern ausschlie\u00dflich vor Ort in unseren Gesch\u00e4ften.<\/span><\/p>\n<p>Wir sorgen mit dem Kleid der Marke Essense of Australia f\u00fcr ein einzigartiges Erlebnis &#8211; f\u00fcr einen Moment, der ewig w\u00e4hrt. <\/p>\n<\/div>\n","protected":false},"excerpt":{"rendered":"<p>Schulterfreies Essense of Australia Fit and Flare Brautkleid D2819: ein Kunstwerk in graphischer Spitze<\/p>\n","protected":false},"featured_media":17629,"template":"","meta":[],"product_brand":[],"product_cat":[397,398,333,399],"product_tag":[569,409,340,373,400,401,551,548,341,574,552,563,558,342,467,345,378,402,347,348,349,350,352,564,560,353,554],"class_list":{"0":"post-17628","1":"product","2":"type-product","3":"status-publish","4":"has-post-thumbnail","6":"product_cat-essense-of-australia","7":"product_cat-fit-and-flare","8":"product_cat-sale","9":"product_cat-sexy","10":"product_tag-1000-2000e","11":"product_tag-ausschnitt-tief","12":"product_tag-budget-1000-2000e","13":"product_tag-cutouts","14":"product_tag-essense-of-australia","15":"product_tag-fit-and-flare","16":"product_tag-frankfurt-am-main","17":"product_tag-gerade","18":"product_tag-herz-ausschnitt","19":"product_tag-herzform","20":"product_tag-koln-hurth","21":"product_tag-mit-cutouts","22":"product_tag-mittellange-schleppe","23":"product_tag-ohne-armel","24":"product_tag-rucken-gerade","25":"product_tag-rucken-tattoo-effekt","26":"product_tag-schleppe-mittellang","27":"product_tag-sexy","28":"product_tag-shop-frankfurt-am-main","29":"product_tag-shop-koln-hurth","30":"product_tag-shop-wiesbaden","31":"product_tag-spitze","32":"product_tag-tattoo-look","33":"product_tag-tattoo-effekt","34":"product_tag-tief","35":"product_tag-tull","36":"product_tag-wiesbaden","38":"first","39":"instock","40":"sold-individually","41":"taxable","42":"shipping-taxable","43":"purchasable","44":"product-type-simple"},"brands":[],"_links":{"self":[{"href":"https:\/\/wefreelancer.in\/love\/thechairgy\/wp-json\/wp\/v2\/product\/17628","targetHints":{"allow":["GET"]}}],"collection":[{"href":"https:\/\/wefreelancer.in\/love\/thechairgy\/wp-json\/wp\/v2\/product"}],"about":[{"href":"https:\/\/wefreelancer.in\/love\/thechairgy\/wp-json\/wp\/v2\/types\/product"}],"wp:featuredmedia":[{"embeddable":true,"href":"https:\/\/wefreelancer.in\/love\/thechairgy\/wp-json\/wp\/v2\/media\/17629"}],"wp:attachment":[{"href":"https:\/\/wefreelancer.in\/love\/thechairgy\/wp-json\/wp\/v2\/media?parent=17628"}],"wp:term":[{"taxonomy":"product_brand","embeddable":true,"href":"https:\/\/wefreelancer.in\/love\/thechairgy\/wp-json\/wp\/v2\/product_brand?post=17628"},{"taxonomy":"product_cat","embeddable":true,"href":"https:\/\/wefreelancer.in\/love\/thechairgy\/wp-json\/wp\/v2\/product_cat?post=17628"},{"taxonomy":"product_tag","embeddable":true,"href":"https:\/\/wefreelancer.in\/love\/thechairgy\/wp-json\/wp\/v2\/product_tag?post=17628"}],"curies":[{"name":"wp","href":"https:\/\/api.w.org\/{rel}","templated":true}]}}