{"id":17818,"date":"2020-06-17T20:30:31","date_gmt":"2020-06-17T20:30:31","guid":{"rendered":"https:\/\/wefreelancer.in\/love\/thechairgy\/?post_type=product&#038;p=17818"},"modified":"2023-10-29T08:19:26","modified_gmt":"2023-10-29T08:19:26","slug":"stella-york-6648","status":"publish","type":"product","link":"https:\/\/wefreelancer.in\/love\/thechairgy\/shop\/shop\/stile\/fit-and-flare\/stella-york-6648\/","title":{"rendered":"Stella York 6648"},"content":{"rendered":"<div>\n<h2>Himmlisch sch\u00f6nes Kleid mit Spitze<\/h2>\n<p>F\u00fcr deinen gro\u00dfen und glamour\u00f6sen Auftritt mit dem Kleid Stella York 6648 der Kollektion Stella York. <\/p>\n<p>Die Marke Stella York besticht durch ihre zauberhaften und sehr schicken Modelle mit dem gewissen Etwas.<\/p>\n<p>Die Schleppe ist kurz und sorgt so f\u00fcr eine angenehme und freie Bewegung zu jedem Moment.<\/p>\n<p>Der glamour\u00f6se R\u00fcckenausschnitt ist mit Tattoo-Effekt ausgestattet und bringt ihn zierlich und reizvoll zur Geltung.<\/p>\n<p>Dieses bezaubernde Kleid ist ohne \u00c4rmel und bietet dir vollste Bewegungsfreiheit &#8211; mit einer anziehenden und anmutigen Note.<\/p>\n<p><span>Die dargestellen Preisangaben stellen unverbindliche Preisspannen dar. Endg\u00fcltige Endpreise geben wir aus Wettbewerbsgr\u00fcnden nur vor Ort im Gesch\u00e4ft an. F\u00fcr den bestm\u00f6glichen Service weisen wir darauf hin, dass die Artikel nicht online gekauft werden k\u00f6nnen, sondern ausschlie\u00dflich vor Ort in unseren Gesch\u00e4ften.<\/span><\/p>\n<p><span>Das Modell aus Krepp ist a<\/span>ufgrund der Leichtigkeit des Stoffs sehr angenehm zu tragen, aber dennoch blickdicht.<\/p>\n<p>Wir sorgen mit dem Modell der Marke Stella York f\u00fcr ein umwerfendes Erlebnis &#8211; f\u00fcr einen Moment, der ewig w\u00e4hrt. <\/p>\n<\/div>\n","protected":false},"excerpt":{"rendered":"<p>Sexy Stella York Fit and Flare Brautkleid 6648 mit umwerfendem R\u00fccken aus Illusionsspitze<\/p>\n","protected":false},"featured_media":17819,"template":"","meta":[],"product_brand":[],"product_cat":[485,398,393,333,335,394],"product_tag":[569,372,340,486,462,401,551,552,573,549,487,342,547,345,377,346,402,347,348,349,350,351,352,564,555,554],"class_list":{"0":"post-17818","1":"product","2":"type-product","3":"status-publish","4":"has-post-thumbnail","6":"product_cat-clean","7":"product_cat-fit-and-flare","8":"product_cat-highlights","9":"product_cat-sale","10":"product_cat-stella-york","11":"product_cat-teaser-produkt","12":"product_tag-1000-2000e","13":"product_tag-ausschnitt-v","14":"product_tag-budget-1000-2000e","15":"product_tag-clean","16":"product_tag-crepe","17":"product_tag-fit-and-flare","18":"product_tag-frankfurt-am-main","19":"product_tag-koln-hurth","20":"product_tag-krepp","21":"product_tag-kurze-schleppe","22":"product_tag-modern","23":"product_tag-ohne-armel","24":"product_tag-ohne-cutouts","25":"product_tag-rucken-tattoo-effekt","26":"product_tag-rucken-v-ausschnitt","27":"product_tag-schleppe-kurz","28":"product_tag-sexy","29":"product_tag-shop-frankfurt-am-main","30":"product_tag-shop-koln-hurth","31":"product_tag-shop-wiesbaden","32":"product_tag-spitze","33":"product_tag-stella-york","34":"product_tag-tattoo-look","35":"product_tag-tattoo-effekt","36":"product_tag-v-ausschnitt","37":"product_tag-wiesbaden","39":"first","40":"instock","41":"sold-individually","42":"taxable","43":"shipping-taxable","44":"purchasable","45":"product-type-simple"},"brands":[],"_links":{"self":[{"href":"https:\/\/wefreelancer.in\/love\/thechairgy\/wp-json\/wp\/v2\/product\/17818","targetHints":{"allow":["GET"]}}],"collection":[{"href":"https:\/\/wefreelancer.in\/love\/thechairgy\/wp-json\/wp\/v2\/product"}],"about":[{"href":"https:\/\/wefreelancer.in\/love\/thechairgy\/wp-json\/wp\/v2\/types\/product"}],"wp:featuredmedia":[{"embeddable":true,"href":"https:\/\/wefreelancer.in\/love\/thechairgy\/wp-json\/wp\/v2\/media\/17819"}],"wp:attachment":[{"href":"https:\/\/wefreelancer.in\/love\/thechairgy\/wp-json\/wp\/v2\/media?parent=17818"}],"wp:term":[{"taxonomy":"product_brand","embeddable":true,"href":"https:\/\/wefreelancer.in\/love\/thechairgy\/wp-json\/wp\/v2\/product_brand?post=17818"},{"taxonomy":"product_cat","embeddable":true,"href":"https:\/\/wefreelancer.in\/love\/thechairgy\/wp-json\/wp\/v2\/product_cat?post=17818"},{"taxonomy":"product_tag","embeddable":true,"href":"https:\/\/wefreelancer.in\/love\/thechairgy\/wp-json\/wp\/v2\/product_tag?post=17818"}],"curies":[{"name":"wp","href":"https:\/\/api.w.org\/{rel}","templated":true}]}}