{"id":17843,"date":"2020-06-17T20:30:43","date_gmt":"2020-06-17T20:30:43","guid":{"rendered":"https:\/\/wefreelancer.in\/love\/thechairgy\/?post_type=product&#038;p=17843"},"modified":"2023-10-29T08:19:45","modified_gmt":"2023-10-29T08:19:45","slug":"stella-york-6717","status":"publish","type":"product","link":"https:\/\/wefreelancer.in\/love\/thechairgy\/shop\/shop\/stile\/boho\/stella-york-6717\/","title":{"rendered":"Stella York 6717"},"content":{"rendered":"<div>\n<h2>Authentisch sch\u00f6n &#8211; Heiraten im Boho-Style<\/h2>\n<p>Inspiriert von der Anmut und dem Glamour einer Ballerina, bietet dieses Modell Stella York 6717 der Kollektion Stella York das richtige Volumen f\u00fcr die modebewusste Romantikerin.<\/p>\n<\/p>\n<p>Der Chiffon-Rock verschafft dir ein angenehmes Tragegef\u00fchl.<\/p>\n<\/p>\n<p>Dieses bezaubernde Kleid ist ohne \u00c4rmel und bietet dir vollste Bewegungsfreiheit &#8211; mit einer unwiderstehlichen und mond\u00e4nen Note.<\/p>\n<p>Mit der kurzen Schleppe bist du frei beweglich und kannst auf dem Tanzboden richtig Gas geben.<\/p>\n<p>Mit der Marke Stella York kannst du dich immer auf die beste und edle Qualit\u00e4t unserer Kleider verlassen.<\/p>\n<p><span>Dieses hochwertige Modell ist genau das Richtige, wenn dir ein mittleres Budget zur Verf\u00fcgung steht. Aufgrund der Wettbewerber vergeben wir endg\u00fcltige Endpreise ausschlie\u00dflich vor Ort im Gesch\u00e4ft.<\/span><\/p>\n<p>Die Kleider der Kollektion Stella York zeichnen sich durch einen ganz besonderen Zauber aus, mit dem du alle um dich herum begeistern wirst. <\/p>\n<\/div>\n","protected":false},"excerpt":{"rendered":"<p>Stella York Brautkleid 6717 mit besticktem Mieder und sinnlichem R\u00fcckendekollet\u00e9<\/p>\n","protected":false},"featured_media":17844,"template":"","meta":[],"product_brand":[],"product_cat":[337,333,441,335],"product_tag":[569,338,419,339,340,443,551,341,574,552,549,342,547,395,377,346,447,347,348,349,350,450,351,555,554],"class_list":{"0":"post-17843","1":"product","2":"type-product","3":"status-publish","4":"has-post-thumbnail","6":"product_cat-boho","7":"product_cat-sale","8":"product_cat-standesamt","9":"product_cat-stella-york","10":"product_tag-1000-2000e","11":"product_tag-a-linie","12":"product_tag-boho","13":"product_tag-boho-vintage","14":"product_tag-budget-1000-2000e","15":"product_tag-chiffon","16":"product_tag-frankfurt-am-main","17":"product_tag-herz-ausschnitt","18":"product_tag-herzform","19":"product_tag-koln-hurth","20":"product_tag-kurze-schleppe","21":"product_tag-ohne-armel","22":"product_tag-ohne-cutouts","23":"product_tag-rucken-boho-vintage","24":"product_tag-rucken-v-ausschnitt","25":"product_tag-schleppe-kurz","26":"product_tag-schlicht","27":"product_tag-shop-frankfurt-am-main","28":"product_tag-shop-koln-hurth","29":"product_tag-shop-wiesbaden","30":"product_tag-spitze","31":"product_tag-standesamt","32":"product_tag-stella-york","33":"product_tag-v-ausschnitt","34":"product_tag-wiesbaden","36":"first","37":"instock","38":"sold-individually","39":"taxable","40":"shipping-taxable","41":"purchasable","42":"product-type-simple"},"brands":[],"_links":{"self":[{"href":"https:\/\/wefreelancer.in\/love\/thechairgy\/wp-json\/wp\/v2\/product\/17843","targetHints":{"allow":["GET"]}}],"collection":[{"href":"https:\/\/wefreelancer.in\/love\/thechairgy\/wp-json\/wp\/v2\/product"}],"about":[{"href":"https:\/\/wefreelancer.in\/love\/thechairgy\/wp-json\/wp\/v2\/types\/product"}],"wp:featuredmedia":[{"embeddable":true,"href":"https:\/\/wefreelancer.in\/love\/thechairgy\/wp-json\/wp\/v2\/media\/17844"}],"wp:attachment":[{"href":"https:\/\/wefreelancer.in\/love\/thechairgy\/wp-json\/wp\/v2\/media?parent=17843"}],"wp:term":[{"taxonomy":"product_brand","embeddable":true,"href":"https:\/\/wefreelancer.in\/love\/thechairgy\/wp-json\/wp\/v2\/product_brand?post=17843"},{"taxonomy":"product_cat","embeddable":true,"href":"https:\/\/wefreelancer.in\/love\/thechairgy\/wp-json\/wp\/v2\/product_cat?post=17843"},{"taxonomy":"product_tag","embeddable":true,"href":"https:\/\/wefreelancer.in\/love\/thechairgy\/wp-json\/wp\/v2\/product_tag?post=17843"}],"curies":[{"name":"wp","href":"https:\/\/api.w.org\/{rel}","templated":true}]}}