{"id":18577,"date":"2020-07-04T16:22:25","date_gmt":"2020-07-04T16:22:25","guid":{"rendered":"https:\/\/wefreelancer.in\/love\/thechairgy\/?post_type=product&#038;p=18577"},"modified":"2023-10-29T08:24:39","modified_gmt":"2023-10-29T08:24:39","slug":"moonlight-j6779","status":"publish","type":"product","link":"https:\/\/wefreelancer.in\/love\/thechairgy\/shop\/teaser-produkt\/moonlight-j6779\/","title":{"rendered":"Moonlight Bridal J6779"},"content":{"rendered":"<div>\n<h2>Ein Traum im Boho-Style<\/h2>\n<p>Wohlf\u00fchlen in A-Linie: Das Kleid Moonlight Bridal J6779 hinterl\u00e4sst einen bleibenden Eindruck f\u00fcr den sch\u00f6nsten Tag eures Lebens.<\/p>\n<p>Die Brautkleider-Marke aus Europa stellt dich in das Rampenlicht und macht deinen Festtag einzigartig. <\/p>\n<p>Ein bezauberndes Dress mit langer Schleppe &#8211; wie eine Prinzessin.<\/p>\n<p>Unbeschwert und doch \u00e4sthetisch: Boho ist ein von der Natur inspirierter Look, wie geschaffen f\u00fcr die zeitgem\u00e4\u00dfe und unabh\u00e4ngige Braut.<\/p>\n<p>Der Tattoo-Effekt im R\u00fcckenausschnitt fesselt alle um dich herum. <\/p>\n<p>Dieses bezaubernde Modell ist ohne \u00c4rmel und bietet dir vollste Bewegungsfreiheit &#8211; mit einer anziehenden und feinen Note.<\/p>\n<p><span>Die dargestellen Preisangaben stellen unverbindliche Preisspannen dar. Finale Endpreise geben wir aus Wettbewerbsgr\u00fcnden nur vor Ort im Gesch\u00e4ft an. F\u00fcr den bestm\u00f6glichen Service weisen wir darauf hin, dass die Artikel nicht online gekauft werden k\u00f6nnen, sondern ausschlie\u00dflich vor Ort in unseren Gesch\u00e4ften.<\/span><\/p>\n<p>Mit Qualit\u00e4tsbewusstsein f\u00fcr Materialvertr\u00e4glichkeit und Wohlbefinden &#8211; Jetzt anprobieren!<\/p>\n<\/div>\n","protected":false},"excerpt":{"rendered":"<p>Moonlight Bridal J6779<\/p>\n","protected":false},"featured_media":18578,"template":"","meta":[],"product_brand":[],"product_cat":[394],"product_tag":[569,338,372,339,340,387,388,374,558,342,547,345,376,378,350,352,564,560,555],"class_list":{"0":"post-18577","1":"product","2":"type-product","3":"status-publish","4":"has-post-thumbnail","6":"product_cat-teaser-produkt","7":"product_tag-1000-2000e","8":"product_tag-a-linie","9":"product_tag-ausschnitt-v","10":"product_tag-boho-vintage","11":"product_tag-budget-1000-2000e","12":"product_tag-glitzer","13":"product_tag-glitzer-tull","14":"product_tag-klassik","15":"product_tag-mittellange-schleppe","16":"product_tag-ohne-armel","17":"product_tag-ohne-cutouts","18":"product_tag-rucken-tattoo-effekt","19":"product_tag-rucken-tief","20":"product_tag-schleppe-mittellang","21":"product_tag-spitze","22":"product_tag-tattoo-look","23":"product_tag-tattoo-effekt","24":"product_tag-tief","25":"product_tag-v-ausschnitt","27":"first","28":"instock","29":"sale","30":"sold-individually","31":"taxable","32":"shipping-taxable","33":"purchasable","34":"product-type-simple"},"brands":[],"_links":{"self":[{"href":"https:\/\/wefreelancer.in\/love\/thechairgy\/wp-json\/wp\/v2\/product\/18577","targetHints":{"allow":["GET"]}}],"collection":[{"href":"https:\/\/wefreelancer.in\/love\/thechairgy\/wp-json\/wp\/v2\/product"}],"about":[{"href":"https:\/\/wefreelancer.in\/love\/thechairgy\/wp-json\/wp\/v2\/types\/product"}],"wp:featuredmedia":[{"embeddable":true,"href":"https:\/\/wefreelancer.in\/love\/thechairgy\/wp-json\/wp\/v2\/media\/18578"}],"wp:attachment":[{"href":"https:\/\/wefreelancer.in\/love\/thechairgy\/wp-json\/wp\/v2\/media?parent=18577"}],"wp:term":[{"taxonomy":"product_brand","embeddable":true,"href":"https:\/\/wefreelancer.in\/love\/thechairgy\/wp-json\/wp\/v2\/product_brand?post=18577"},{"taxonomy":"product_cat","embeddable":true,"href":"https:\/\/wefreelancer.in\/love\/thechairgy\/wp-json\/wp\/v2\/product_cat?post=18577"},{"taxonomy":"product_tag","embeddable":true,"href":"https:\/\/wefreelancer.in\/love\/thechairgy\/wp-json\/wp\/v2\/product_tag?post=18577"}],"curies":[{"name":"wp","href":"https:\/\/api.w.org\/{rel}","templated":true}]}}