{"id":18589,"date":"2020-07-04T16:42:47","date_gmt":"2020-07-04T16:42:47","guid":{"rendered":"https:\/\/wefreelancer.in\/love\/thechairgy\/?post_type=product&#038;p=18589"},"modified":"2023-10-29T08:24:46","modified_gmt":"2023-10-29T08:24:46","slug":"moonlight-bridal-j6741","status":"publish","type":"product","link":"https:\/\/wefreelancer.in\/love\/thechairgy\/shop\/unkategorisiert\/moonlight-bridal-j6741\/","title":{"rendered":"Moonlight Bridal J6741"},"content":{"rendered":"<div>\n<h2>Himmlisch sch\u00f6nes Kleid mit Spitze<\/h2>\n<p>Wohlf\u00fchlen in A-Linie: Das Kleid Moonlight Bridal J6741 hinterl\u00e4sst einen bleibenden Eindruck f\u00fcr den sch\u00f6nsten Festtag eures Lebens.<\/p>\n<p><span>Mit diesem wundersch\u00f6nen V<em>&#8211;<\/em>Ausschnitt ziehst du alle Blicke auf dich.<\/span><\/p>\n<p>Dieses bezaubernde Modell ist ohne \u00c4rmel und bietet dir vollste Bewegungsfreiheit &#8211; mit einer anziehenden und feinen Note.<\/p>\n<p>Mit dieser Kollektion kannst du sicher sein, dass dein Strahlen an diesem Tag niemals aufh\u00f6rt. <\/p>\n<p><span>Mit der mittellangen Schleppe strahlst du Glanz und gef\u00fchlvollen Zauber aus. <\/span><\/p>\n<p>Satin tr\u00e4gt sich wie eine zweite Haut &#8211; leicht und grazil. <\/p>\n<p><span>Die dargestellen Preisangaben stellen unverbindliche Preisspannen dar. Endg\u00fcltige Endpreise geben wir aus Wettbewerbsgr\u00fcnden nur vor Ort im Gesch\u00e4ft an. F\u00fcr den bestm\u00f6glichen Service weisen wir darauf hin, dass die Artikel nicht online gekauft werden k\u00f6nnen, sondern ausschlie\u00dflich vor Ort in unseren Gesch\u00e4ften.<\/span><\/p>\n<p><span>Wir freuen uns dich bei der Kleiderwahl zu unterst\u00fctzen und mit dir das Richtige zu finden &#8211; Damit euer Hochzeitstag unvergessen bleibt und ihr euch rundum wohl f\u00fchlt.<\/span><\/p>\n<\/div>\n","protected":false},"excerpt":{"rendered":"<p>Moonlight Bridal J6741<\/p>\n","protected":false},"featured_media":18590,"template":"","meta":[],"product_brand":[],"product_cat":[541],"product_tag":[569,338,372,557,550,419,340,374,558,342,547,375,395,489,378,532,350,555],"class_list":{"0":"post-18589","1":"product","2":"type-product","3":"status-publish","4":"has-post-thumbnail","6":"product_cat-unkategorisiert","7":"product_tag-1000-2000e","8":"product_tag-a-linie","9":"product_tag-ausschnitt-v","10":"product_tag-ballkleid-princess","11":"product_tag-berlin-schonefeld","12":"product_tag-boho","13":"product_tag-budget-1000-2000e","14":"product_tag-klassik","15":"product_tag-mittellange-schleppe","16":"product_tag-ohne-armel","17":"product_tag-ohne-cutouts","18":"product_tag-princess","19":"product_tag-rucken-boho-vintage","20":"product_tag-satin","21":"product_tag-schleppe-mittellang","22":"product_tag-shop-berlin-schonefeld","23":"product_tag-spitze","24":"product_tag-v-ausschnitt","26":"first","27":"instock","28":"sale","29":"sold-individually","30":"taxable","31":"shipping-taxable","32":"purchasable","33":"product-type-simple"},"brands":[],"_links":{"self":[{"href":"https:\/\/wefreelancer.in\/love\/thechairgy\/wp-json\/wp\/v2\/product\/18589","targetHints":{"allow":["GET"]}}],"collection":[{"href":"https:\/\/wefreelancer.in\/love\/thechairgy\/wp-json\/wp\/v2\/product"}],"about":[{"href":"https:\/\/wefreelancer.in\/love\/thechairgy\/wp-json\/wp\/v2\/types\/product"}],"wp:featuredmedia":[{"embeddable":true,"href":"https:\/\/wefreelancer.in\/love\/thechairgy\/wp-json\/wp\/v2\/media\/18590"}],"wp:attachment":[{"href":"https:\/\/wefreelancer.in\/love\/thechairgy\/wp-json\/wp\/v2\/media?parent=18589"}],"wp:term":[{"taxonomy":"product_brand","embeddable":true,"href":"https:\/\/wefreelancer.in\/love\/thechairgy\/wp-json\/wp\/v2\/product_brand?post=18589"},{"taxonomy":"product_cat","embeddable":true,"href":"https:\/\/wefreelancer.in\/love\/thechairgy\/wp-json\/wp\/v2\/product_cat?post=18589"},{"taxonomy":"product_tag","embeddable":true,"href":"https:\/\/wefreelancer.in\/love\/thechairgy\/wp-json\/wp\/v2\/product_tag?post=18589"}],"curies":[{"name":"wp","href":"https:\/\/api.w.org\/{rel}","templated":true}]}}