{"id":18896,"date":"2020-07-17T16:32:37","date_gmt":"2020-07-17T16:32:37","guid":{"rendered":"https:\/\/wefreelancer.in\/love\/thechairgy\/?post_type=product&#038;p=18896"},"modified":"2023-10-29T08:25:14","modified_gmt":"2023-10-29T08:25:14","slug":"essense-of-australia-d3044","status":"publish","type":"product","link":"https:\/\/wefreelancer.in\/love\/thechairgy\/shop\/shop\/stile\/klassik\/essense-of-australia-d3044\/","title":{"rendered":"Essense of Australia D3044"},"content":{"rendered":"<div>\n<h2>Traumhaft sch\u00f6nes Kleid mit Spitze<\/h2>\n<p><span>Mit dem Kleid Essense of Australia D3044 zum Wohlf\u00fchlen bleibt dein Hochzeitstag unvergesslich.<\/span><\/p>\n<p>Das Hochzeitskleid aus dem Hause Essense of Australia umschmeichelt dich mit besonderem Charme. Strahle wie ein funkelnder Stern am Horizont f\u00fcr Deinen Liebsten!<\/p>\n<p><span>Mit der mittellangen Schleppe strahlst du Glanz und stimmungsvollen Liebreiz aus. <\/span><\/p>\n<\/p>\n<p>Dieses bezaubernde Modell ist ohne \u00c4rmel und bietet dir vollste Bewegungsfreiheit &#8211; mit einer aufreizenden und eleganten Note.<\/p>\n<p><span>Die dargestellen Preisangaben stellen unverbindliche Preisspannen dar. Endg\u00fcltige Endpreise geben wir aus Wettbewerbsgr\u00fcnden nur vor Ort im Gesch\u00e4ft an. F\u00fcr den bestm\u00f6glichen Service weisen wir darauf hin, dass die Artikel nicht online gekauft werden k\u00f6nnen, sondern ausschlie\u00dflich vor Ort in unseren Gesch\u00e4ften.<\/span><\/p>\n<p>Mit der feinen Blumen-Spitze und dem zarten T\u00fcll-Rock bist du der Blickfang des ganzen wunderbaren Tages.<\/p>\n<p>Wir sorgen mit dem Modell der Marke Essense of Australia f\u00fcr ein herausragendes Erlebnis &#8211; f\u00fcr einen Moment, der ewig w\u00e4hrt. <\/p>\n<\/div>\n","protected":false},"excerpt":{"rendered":"<p>Essense of Australia D3044 &#8211; Florales Fit-and-Flare-Hochzeitskleid mit tr\u00e4gerlosem Oberteil<\/p>\n","protected":false},"featured_media":18897,"template":"","meta":[],"product_brand":[],"product_cat":[397,398,370,333],"product_tag":[569,516,340,400,401,551,548,341,574,567,374,552,474,558,342,547,407,467,343,344,378,402,347,348,349,350,353,554],"class_list":{"0":"post-18896","1":"product","2":"type-product","3":"status-publish","4":"has-post-thumbnail","6":"product_cat-essense-of-australia","7":"product_cat-fit-and-flare","8":"product_cat-klassik","9":"product_cat-sale","10":"product_tag-1000-2000e","11":"product_tag-bestseller","12":"product_tag-budget-1000-2000e","13":"product_tag-essense-of-australia","14":"product_tag-fit-and-flare","15":"product_tag-frankfurt-am-main","16":"product_tag-gerade","17":"product_tag-herz-ausschnitt","18":"product_tag-herzform","19":"product_tag-hoch","20":"product_tag-klassik","21":"product_tag-koln-hurth","22":"product_tag-mermaid","23":"product_tag-mittellange-schleppe","24":"product_tag-ohne-armel","25":"product_tag-ohne-cutouts","26":"product_tag-organza","27":"product_tag-rucken-gerade","28":"product_tag-rucken-hoch","29":"product_tag-rucken-offen","30":"product_tag-schleppe-mittellang","31":"product_tag-sexy","32":"product_tag-shop-frankfurt-am-main","33":"product_tag-shop-koln-hurth","34":"product_tag-shop-wiesbaden","35":"product_tag-spitze","36":"product_tag-tull","37":"product_tag-wiesbaden","39":"first","40":"instock","41":"sold-individually","42":"taxable","43":"shipping-taxable","44":"purchasable","45":"product-type-simple"},"brands":[],"_links":{"self":[{"href":"https:\/\/wefreelancer.in\/love\/thechairgy\/wp-json\/wp\/v2\/product\/18896","targetHints":{"allow":["GET"]}}],"collection":[{"href":"https:\/\/wefreelancer.in\/love\/thechairgy\/wp-json\/wp\/v2\/product"}],"about":[{"href":"https:\/\/wefreelancer.in\/love\/thechairgy\/wp-json\/wp\/v2\/types\/product"}],"wp:featuredmedia":[{"embeddable":true,"href":"https:\/\/wefreelancer.in\/love\/thechairgy\/wp-json\/wp\/v2\/media\/18897"}],"wp:attachment":[{"href":"https:\/\/wefreelancer.in\/love\/thechairgy\/wp-json\/wp\/v2\/media?parent=18896"}],"wp:term":[{"taxonomy":"product_brand","embeddable":true,"href":"https:\/\/wefreelancer.in\/love\/thechairgy\/wp-json\/wp\/v2\/product_brand?post=18896"},{"taxonomy":"product_cat","embeddable":true,"href":"https:\/\/wefreelancer.in\/love\/thechairgy\/wp-json\/wp\/v2\/product_cat?post=18896"},{"taxonomy":"product_tag","embeddable":true,"href":"https:\/\/wefreelancer.in\/love\/thechairgy\/wp-json\/wp\/v2\/product_tag?post=18896"}],"curies":[{"name":"wp","href":"https:\/\/api.w.org\/{rel}","templated":true}]}}